e factors of l?
2, 907
Let w = 83 - 83. Suppose a - p - 879 = w, 8*a - 9*a + 903 = 5*p. What are the prime factors of a?
883
What are the prime factors of (0 + 36/30)/((-12)/(-13900))?
2, 5, 139
What are the prime factors of (-5)/(-1) + 1606395/105?
2, 1913
Suppose 24*r - 20*r + 8 = 0. Let d be (-6 - r)*1*-1 - 6. What are the prime factors of ((-3)/(-2))/((-1)/d) + 189?
2, 3
Suppose 0 = -42*n + 12737 + 7297. Suppose 4*h - n = 427. What are the prime factors of h?
2, 113
Suppose -48 = -7*j + 3*j. Let g(i) = i**2 - 14*i + 25. Let x be g(j). Suppose x + 1 = 2*u, -m + u + 31 = 0. List the prime factors of m.
2
Suppose -7 = -4*r + 1. Suppose 5*g + j = -5, 0 = -r*g - 5*j - 7 - 18. Suppose -8*v = -g*v - 1664. What are the prime factors of v?
2, 13
Suppose 235*a - 21*a = 19*a + 1420185. What are the prime factors of a?
7283
Let t be ((-42)/12)/((-2)/4 + 1). List the prime factors of (-928)/20*t + 4/(-5).
2, 3
Let v = -217 - -216. Let q be (58 - (-2)/(-2)) + -1. Let n = q + v. List the prime factors of n.
5, 11
What are the prime factors of ((-99)/(-66))/(6/27616)?
2, 863
Suppose -8*c - 11*c + 893 = 0. Let f be (-2 + 1)/(2/(-38)). Let w = c + f. What are the prime factors of w?
2, 3, 11
Let d(y) = 17516*y**2 - 25*y - 24. List the prime factors of d(-1).
3, 5839
Suppose 37*s - 99974 = -25308. What are the prime factors of s?
2, 1009
Let x be (-1 + 2)*-295 - 1. Suppose 5947 = -4*k + 5259. Let b = k - x. What are the prime factors of b?
2, 31
Suppose 4*m + 9*p = 4*p + 225, -5*p = 2*m - 125. Let g be (-1)/3 - (-379)/3. Let j = g - m. What are the prime factors of j?
2, 19
Let w = 26 - -4. Suppose 0 = 3*k - 3*r - w - 0, r = 3. Suppose -5*p + 27 = -k. What are the prime factors of p?
2
Let l(u) = 3*u**2 + 13*u - 20. Let i(q) = -8 - 14*q + 3*q + 6*q + 4*q. Let d be i(3). List the prime factors of l(d).
2, 5
Let d(t) be the second derivative of 8*t**3 - 159*t**2/2 + 17*t. What are the prime factors of d(29)?
3, 137
Let t(n) = n**3 - 2*n**2 - 9*n + 7. Let a be t(4). Suppose -3*j - 9 = -3*q + a, 0 = 2*q - j - 10. Suppose q*h - 1110 = h. List the prime factors of h.
2, 3, 37
Let i(p) = p - 27. Let j be i(-11). Suppose 0 = -v - 55 - 92. Let z = j - v. What are the prime factors of z?
109
Let b be (-1)/((-1078)/(-99) + -11). Let x be (-55)/(-2) + 2/4. Let y = b + x. What are the prime factors of y?
37
Suppose -65*s + 67*s = -16. Let z(g) = 2*g**2 + 11*g + 12. What are the prime factors of z(s)?
2, 13
Let g(j) = -81*j - 209. Let h be g(-4). Suppose 0 = -112*p + h*p - 1791. What are the prime factors of p?
3, 199
Let c be 2/(-4) - (-284)/8. Suppose -c*a + 32*a + 315 = 0. Suppose n - a = -4*w + 139, -w - n = -61. List the prime factors of w.
61
Let n(l) = -15 - 8*l**2 + l**3 + 5*l**3 + 9*l + l**2. What are the prime factors of n(5)?
5, 11
Let r(b) = b**3 - 22*b**2 + 2*b + 102. Suppose -5*w + q + 125 = 0, -3*w - 3*q + 6*q = -87. List the prime factors of r(w).
2, 3, 7, 31
Let b be 7/(-21) - (-20)/6. Suppose -2*m + 524 = 2*p, -b*p - 983 = -3*m - 215. What are the prime factors of m?
7, 37
Let q = 19172 - 14817. What are the prime factors of q?
5, 13, 67
Let f = -296 + 301. Suppose 2*l - 2832 = -f*z, 4*l + 1128 = 2*z - 0*l. What are the prime factors of z?
2, 283
What are the prime factors of ((-7)/(-42) - 0) + 234425/6 + 0?
89, 439
Let c be (290/(-1) - 2)*-2. Suppose -417*q - 3*l + 430 = -413*q, 0 = -4*q + 4*l + 416. Suppose 0 = 10*o - q - c. What are the prime factors of o?
3, 23
Let r = 814 + -316. Suppose r = f + 3*t, 5*t + 453 = 2*f - 521. List the prime factors of f.
2, 3, 41
Let i(h) = h**3 - 38*h**2 - 52*h - 51. Let p be i(40). Suppose 0 = -8*w + 4469 - p. What are the prime factors of w?
5, 17
Suppose 4*u + 3 = -1. Let a be u*((-76)/20 - 12/(-15)). Suppose -4*c = -p - p - 164, 0 = -a*c + 5*p + 123. List the prime factors of c.
41
Let g(q) = -9*q**2 - 667*q - 15. What are the prime factors of g(-53)?
5, 2011
Suppose -2*k = 2*j - 1458, -2*k - 321 + 1777 = 3*j. Let m = k - 630. What are the prime factors of m?
101
Suppose 45*v + 9765 = -34740. Let i be -2 - ((-1 - 6) + -3). List the prime factors of v/(-4) - 10/i.
2, 3, 41
Suppose -42*l + 262533 = -88713. What are the prime factors of l?
8363
Let v(u) be the second derivative of -u**5/20 + u**4/6 - u**3/3 + 98*u**2 - 6*u + 5. What are the prime factors of v(0)?
2, 7
Suppose t - 8*t - 1218 = 0. Let n = t - -199. What are the prime factors of n?
5
Suppose 2*z - 156 + 148 = 0. Suppose z*n = 9*n - 1760. List the prime factors of n.
2, 11
Let v(h) = 45*h**2 + 182*h + 12. What are the prime factors of v(7)?
3491
Suppose 247 = 2*c - 123. Let n = c - -706. List the prime factors of n.
3, 11
Let a be (-22)/(-8) + 9/(-12). Let l = 153 - 150. What are the prime factors of (l - a) + 81 - 1?
3
Let i be 2/(-7) + (-10)/(-35) + 8. Let t be (-2 + i)*4/8*3. List the prime factors of (7/((-84)/16))/((-6)/t).
2
Let n(u) = -u + 8*u + 453 + 3*u - 4*u. Let j be n(0). Suppose 13*w - 327 = j. What are the prime factors of w?
2, 3, 5
Suppose -66*d - 12873 = 38*d - 936809. List the prime factors of d.
2, 2221
Let h(d) = -d**2. Let p be h(2). Let t be 8*((-2)/p - 0). Suppose -5*f = -t*g + 2*g - 837, -g - 672 = -4*f. List the prime factors of f.
13
Suppose -3*z - 5*p = -22157, -4*z - 28*p + 25*p + 29528 = 0. List the prime factors of z.
47, 157
Suppose -1730 = -3*j + i + 91, 2*j + 5*i = 1214. Suppose 0 = -4*c + 2*y - 4*y + 2428, -j = -c + 3*y. What are the prime factors of c?
607
Suppose -2*m - 8 = -2*n + 66, 5*m + 199 = -2*n. Let f = 41 + m. Suppose 240 = 3*b - 3*j, f*b + 2*j = -0*j + 148. What are the prime factors of b?
7, 11
Let p(z) = -1 - 24*z + 7*z - 2*z**2 + 11*z + 9*z. Let x be p(2). List the prime factors of x*((-6)/9 + -2).
2
Suppose -2*n + 3*i - 8*i - 281 = 0, 0 = -2*n + i - 287. Let g = -146 - n. List the prime factors of 148/g*(-15)/10.
2, 37
Let h = 9893 + 38543. What are the prime factors of h?
2, 12109
Suppose 4*h = -8, 139*t - 138*t + 4*h - 3364 = 0. What are the prime factors of t?
2, 3, 281
Suppose -19069 - 7826 = -3*q + 3*w, 2*q + 3*w - 17955 = 0. What are the prime factors of q?
2, 3, 5, 13, 23
List the prime factors of (-14)/((3/(-9))/((-11129)/(-93))).
2, 7, 359
Let n be 2 - (-4 + 1 - 0). Suppose -n*j + 3*y - 8904 = -3*j, -5*y + 8896 = -2*j. What are the prime factors of 3/18 - j/36?
2, 31
Let t(p) = 4*p + 129. Let y be t(-20). Suppose 0 = -59*s + y*s + 15170. List the prime factors of s.
37, 41
Let b be 16/(-52)*-5921 - (-4)/26. Let h = b + -662. What are the prime factors of h?
2, 5, 29
Suppose -519*z + 526*z - 56 = 0. List the prime factors of -14 + z - (3 - 108).
3, 11
Let y = -474 - -892. Let h = y - 65. List the prime factors of h.
353
Suppose 130875 + 231998 + 84695 = 22*y. What are the prime factors of y?
2, 2543
Let i = 54 - 49. Suppose i*r + 264 = 914. List the prime factors of r.
2, 5, 13
Let z(j) = j**2 + 31*j - 41. Let f(u) = 2*u**2 - 111*u - 31. Let g be f(56). List the prime factors of z(g).
3, 151
Suppose 649*x - 647*x = -4*g + 20140, 2*x = -2*g + 20128. List the prime factors of x.
2, 47, 107
Let o(a) = -a**3. Let h(r) = 5*r**3 - 7*r**2 - 15*r + 23. Let p(x) = h(x) + 4*o(x). What are the prime factors of p(10)?
173
Let a be (-17)/((-34)/(-48)) - -4. List the prime factors of (1 + (-10)/6)/(a/21570).
719
Let z = 51 - 44. Suppose -5*g - 28 = z. What are the prime factors of (-640)/g + 6/(-14)?
7, 13
Suppose -2*p = -3*v - 11, -v + 4*p = v + 2. List the prime factors of 1232 + (-1 - 34)/v.
3, 7, 59
What are the prime factors of 3*4/(-3) + 82 + 6226?
2, 197
Suppose -3*j + 5*q = 193, 0*j - 5*j + q = 285. List the prime factors of j/14 - (-3 + -101).
2, 5
Let l = 8523 - 5337. Let m = -2048 + l. What are the prime factors of m?
2, 569
Let k(u) = 126*u + 38. Let p be k(-7). Let a = p + 1555. List the prime factors of a.
3, 79
Let b(a) = 446*a**3 + 16*a**2 - 6*a + 13. List the prime factors of b(3).
13, 937
Let o(k) = 3*k**3 - 6*k**2 - 5*k + 8. Let u be o(4). Suppose -2*h + 173 = -5*d, 0 = -2*h + 4*d + 92 + u. What are the prime factors of h?
2, 47
Let d(z) = 25*z**2 + 10*z + 38. Let x = -634 + 631. List the prime factors of d(x).
233
Let b = 5 + 15. Suppose b*n - 10324 = 6396. What are the prime factors of n?
2, 11, 19
What are the prime factors of (-4)/(-5) - 54208192/(-1160)?
2, 7, 1669
Let u(o) = -1199*o